3 + 4 + 5*x - x**2 + 0*x**2 + 5. What is m(s)?
0
Let y(c) = -2*c + 7 - 12 + c. Let b(l) = -1. Let r(u) = 3*b(u) - y(u). Let p(j) = -j**2 - 9*j + 16. Let a be p(-11). Give r(a).
-4
Let g(s) = s**2 + 11*s + 10. Suppose -33 - 17 = 5*y. Determine g(y).
0
Let k(b) = -2*b - 7. Let j(y) = -y**3 - 4*y**2 - 5. Suppose -5*l - 20 = 5*t, t + 0*l - l = -4. Let r be j(t). Calculate k(r).
3
Let f(d) = d**3 - 2*d**2 - 2*d. Let h be f(3). Suppose -2*a - o + 7 = -1, -a - 3*o = 6. Let s(y) = 6*y + y**3 - 2 + y**2 - a*y**2 - y. Calculate s(h).
-5
Let u(c) = c**2 - 3*c + 5. Let k be u(0). Let j(t) = 5*t**3 - 9*t**2 - 4*t + 2. Let y(g) = 14*g**3 - 26*g**2 - 11*g + 6. Let o(v) = 11*j(v) - 4*y(v). Give o(k).
-2
Suppose -10 = -w + 1. Let x(y) = -y - 3*y**2 - w*y - 3 + 6*y + 3*y. Determine x(-2).
-9
Suppose g = 2*u - 7, -3*g = -2*u - 1 - 2. Suppose -u*c = -4*c - 4. Let o(w) = 3*w - 3. What is o(c)?
3
Let q(m) = -4*m**2 - m. Suppose 0 = -5*j - 20, p - 9*j - 23 = -4*j. Let n be (-2)/2*(0 + -2). Suppose -p*k = -k - n. Determine q(k).
-5
Suppose 2*f - 2 = 2*x + 6*f, 5*x + f = 13. Suppose -3*m + 5*b = -21, 0 = 4*m + 2*b + x*b + 7. Let l(p) = -2*p + 3. What is l(m)?
-1
Suppose -w + 4 = 0, 7*v = 2*v - 3*w + 22. Let b(t) = 1 + 0*t + t**2 + v*t + 3*t. Let x be (2 + 0)/((-6)/15). Calculate b(x).
1
Suppose -3*s = -2*b - 2*b + 8, -5*b + s + 21 = 0. Let a(k) = -2 - 4*k - 5*k + k**2 + 4*k - 2. Determine a(b).
-4
Let y(d) = -4*d**2 - 2 + 4*d**2 - 2 - d**2. Let j(c) = 2*c + 19. Let k(s) = s + 9. Let q(l) = 2*j(l) - 5*k(l). Let f be q(-7). Calculate y(f).
-4
Suppose -3*h - 20 = -8*h. Let r(v) = v**3 - v**2 - v + 1. Let p be r(2). Let w(y) = 5 - 7 + p*y**2 - h*y**2 - y. Give w(2).
-8
Let l(c) = c**3 - 8*c**2 + 7*c - 2. Suppose -4*d + 17 = -11. Give l(d).
-2
Let v(j) = 7*j**3 + 10*j**2 + 10*j + 11. Let o(m) = -4*m**3 - 5*m**2 - 5*m - 6. Let d(a) = -5*o(a) - 3*v(a). Give d(-4).
1
Let p(a) = 3*a + 1. Let w = -1 + 0. Let x be p(w). Let s(z) = -z**3 - 4*z**2 - 4*z - 3. Calculate s(x).
-3
Let m(q) = q - 3. Let r be m(4). Let f(z) = z - 6*z + 1 + 4*z + 3*z. Calculate f(r).
3
Let t be 0/(3 + 2 + -3). Let g(s) be the second derivative of -s**4/12 + s**3/6 + 5*s**2/2 - 3*s. Calculate g(t).
5
Let q(h) be the second derivative of 5*h**3/6 - 3*h**2/2 - 5*h. Give q(2).
7
Let j(z) = 2*z**2 - 3*z - 5. Let p(r) = -2*r**2 - 18*r + 4. Let i be p(-9). Give j(i).
15
Let c be (5/3 - 2)*-9. Let a = 6 - c. Suppose -a*f = 2*f + 20. Let v(r) = -r**2 - 2*r - 2. Give v(f).
-10
Suppose -k - 1 = 0, k - 4*k = m. Let q(c) = -3 - c - c**2 - 3*c**m - 5 + 9. Determine q(1).
-4
Let f(i) = -8*i**3 - 7*i**2 - 11*i. Let q(w) = 4*w**3 + 3*w**2 + 5*w. Let g(s) = 4*f(s) + 9*q(s). Suppose 2*n = -2*n + 4. Calculate g(n).
4
Let q(f) = -f**2 - f**2 - 3 - 3*f + 0. Let i(x) = x**3 + 2*x**2 - 2*x + 1. Let c be i(-3). Give q(c).
-5
Let o(p) = -11*p**2 - 1. Let f(g) = g**2 + 9*g + 9. Let r be f(-8). Calculate o(r).
-12
Let y(w) = -w**3 + 3*w**2 + w - 1. Let r be y(3). Let x(s) = 10*s. Let u be x(5). Suppose 5*m - 5*q = u, -r*m - 10 = -0*m + 4*q. Let j(p) = -p + 1. Give j(m).
-4
Let y(i) = i. Let c be y(3). Let d(r) be the first derivative of 2 - 1/3*r**c + r**2 + 3*r - 1/4*r**4. Determine d(-2).
3
Let p(a) = -a**3 + 4*a**2 - 4*a. Suppose m - 5 = -2*v, 3*m - 5*m + 10 = 3*v. Suppose v = -7*j + 2*j + 15. Calculate p(j).
-3
Let r(c) be the second derivative of -c**4/12 - c**3/3 + c**2/2 + 5*c. Let s(o) = o**3 - 9*o**2 - 3. Let p be s(9). Give r(p).
-2
Let q = 3 + -1/2. Let z(b) be the second derivative of 3*b - q*b**2 + 0 - 1/3*b**3. Calculate z(-4).
3
Let s(c) = 2*c. Let x be s(1). Let r(l) = l - 3*l - x*l + 3*l. Calculate r(-5).
5
Let k(z) be the second derivative of 0 + 1/120*z**6 + 1/8*z**4 - z - 1/6*z**3 - 1/20*z**5 + 3/2*z**2. Let y(h) be the first derivative of k(h). What is y(2)?
1
Let u(m) = -4*m**3 + 8*m**2 - 11*m + 2. Let p(d) be the second derivative of d**5/20 + d**3/6 - 3*d. Let i(x) = 3*p(x) + u(x). What is i(7)?
-5
Let g(j) = -j**3 + 133*j + 6*j**2 - 140*j - 2 + 6. Let o be 43/9 + 8/36. Determine g(o).
-6
Let v(s) = -s**3 - 2*s**2 + s - 12. Let h(w) = w**3 + 3*w**2 - 2*w + 13. Let q(x) = -2*h(x) - 3*v(x). Calculate q(0).
10
Let r(x) be the first derivative of 2 + 1/2*x**2 + 2*x. Determine r(0).
2
Let l(t) = -t**2 - 5*t - 6. Let r be (-1)/(-5) + (-207)/(-15). Suppose -r*b - 16 = -10*b. What is l(b)?
-2
Let v(d) = d**3 + 4*d**2 + 3*d - 6. Let o(u) = -u**3 - 4*u**2 - 4*u + 7. Let w(m) = -4*o(m) - 5*v(m). What is w(-4)?
-2
Let k(y) be the first derivative of 2*y**3/3 + 3*y**2/2 - 3*y - 1. Give k(-3).
6
Let v(n) = -69 - 80 - 7*n + 150. Calculate v(1).
-6
Let p(r) = r**2 + 5*r + 2. Let c be p(-5). Suppose -3*b - c*l = -7*b + 14, 4*b = -2*l + 26. Let i(a) = 3 + 3 + a**2 - 4 + 0 - 7*a. Calculate i(b).
-8
Suppose -10*r = -4*r - 42. Let s(g) = -7 + g**3 - 7*g**3 + r*g**3 + 9*g**2 + 7*g. What is s(-8)?
1
Suppose 0 = k + 2*r - 3, 3 = -k - 4*r + 12. Let p(z) = z**2 + 3*z - 3. What is p(k)?
-3
Let s(n) = -2*n + 4. Let b(j) = 5*j - 11. Let q(x) = -3*b(x) - 8*s(x). Let t = -5 - -3. Calculate q(t).
-1
Let z(t) = -2*t + 4. Let c(u) = -4 - 1 - 2*u + 3. Let p be c(-2). Suppose -13 - p = -3*g. Give z(g).
-6
Suppose 2*y + 20 = 6*y - 4*i, 12 = -4*i. Let g(c) = c - y + 6*c - 5*c. Let b = -1 + -1. What is g(b)?
-6
Let q be 4/22 + (-385)/121. Let s(n) = -n - 2. Calculate s(q).
1
Let v(t) = -7*t**2 + 6*t. Let b(k) = -15*k**2 + 13*k. Let y(w) = 6*b(w) - 13*v(w). Give y(-2).
4
Let n(v) = -4*v + 5. Let y(i) = -5*i + 6. Let j(o) = -3*n(o) + 2*y(o). Give j(2).
1
Let m(k) be the second derivative of 5/6*k**3 + 1/12*k**4 - k**2 + 0 + k. Calculate m(-5).
-2
Let k(p) be the first derivative of p**4/4 - 5*p**3/3 + p**2/2 + 3*p - 1. Let h = -25 + 30. What is k(h)?
8
Let y(d) = -3 + d**3 - 4*d**2 + 8 - d + 2*d**2 - 5*d**2. What is y(7)?
-2
Suppose q = -5*v - 4*q - 30, 2*v + 2 = 3*q. Suppose 0 = 3*s - 4*s. Let g(c) = 5 + 4*c + 0*c**2 + 2*c + c**2 + s*c. Determine g(v).
-3
Let c(w) = -4*w. Suppose -l = -0*l. Suppose 5*n + 5 + 0 = l. Calculate c(n).
4
Suppose 3 = -3*v + 6. Let y(p) = 2*p**3 + p**2 - p + 1. Give y(v).
3
Suppose s = -s + 5*t + 11, -4*s + 8 = 4*t. Suppose -s*a = a. Let z(d) = d + 1. What is z(a)?
1
Let v(h) = -h**3 + 32 + 27 + 6*h**2 - 54 - 3*h. Give v(5).
15
Let i(d) = -d**2 + 3*d + 1. Let w = -10 - -14. What is i(w)?
-3
Let f(z) = z**3 + 7*z**2 + 3*z - 8. Suppose c + 99 = 5*k, c + 15 + 8 = k. Let t = k - 25. What is f(t)?
10
Let d(g) be the third derivative of g**5/60 - 5*g**4/24 - 5*g**3/3 + g**2. Determine d(7).
4
Let d(s) be the second derivative of s**4/12 + s**3 - 2*s**2 + 6*s. Calculate d(-6).
-4
Suppose -3*c - 3*t - 6 = 6, 3*t + 12 = 4*c. Let a(u) = 1 + c + u + 5. Give a(0).
6
Let h(g) = g**2 + 5*g - 2. Let i = -8 - -6. Let x be 3 + i + (-1 - -4). Suppose 0*n = n + x. Determine h(n).
-6
Suppose 0*t = 5*t - 35. Let x = t + -12. Let n(s) be the second derivative of -s**3/6 - 7*s**2/2 - 28*s. Give n(x).
-2
Suppose -20 = -6*k - 8. Let p(x) = 6*x + 2. Determine p(k).
14
Let l(p) = p**2 + p. Let x = 7 - 4. Suppose -x*c - 8 = c. Determine l(c).
2
Let l(w) be the second derivative of -1/3*w**3 - 3/2*w**2 - 4*w + 0 - 1/6*w**4. Determine l(-2).
-7
Let v(x) be the second derivative of -x**4/12 - x**3 - x**2/2 + 6*x. Calculate v(-5).
4
Let r(i) = -i**3 - 7*i**2 - 1. Let l be (28/6)/(26/(-39)). Calculate r(l).
-1
Let f = -2 + 0. Let q(d) = -d**3 - 4*d**2 - 3*d. What is q(f)?
-2
Let k(n) be the first derivative of -n**2/2 - n + 2. Let z(t) = t + 2. Let y(o) = -5*k(o) - 4*z(o). Determine y(5).
2
Suppose 2*n + 2*l = -2*l + 6, 5*l = -n + 15. Let b(p) = -p - 12. What is b(n)?
-7
Let h = -57 - -57. Let s(z) = -3*z + 2*z - 3 + 0. Give s(h).
-3
Let f(i) be the third derivative of i**4/8 - 5*i**3/3 - 6*i**2. Determine f(7).
11
Suppose 5*p = 3*y - 6, -5*y + 0*p = -2*p - 10. Let i(l) = 4*l + 0*l - 3 + 0*l - l**y. Let a = -4 + 8. What is i(a)?
-3
Let y be 215/25 + 4/10. Suppose 3*q + 3 = -2*f, -4*q + 4 = -3*f - y. Let i(b) = 3*b**3 + 2*b**2 - 2*b + 1. Determine i(q).
4
Let u = -3 - -21. Suppose 3*x = -u + 3. Let v(y) be the second derivative of y**4/12 + y**3 + 3*y**2/2 - 2*y. Determine v(x).
-2
Suppose -3*u - 1 = 5*y + 1, 3*y = u + 10. Let b(a) = -15*a**2 + 4 - 3 + 3*a**y. Determine b(1).
-11
Let g(m) be the third derivative of -m**4/24 - m**3/3 + 3*m**2. Let u 